{"id":10094,"date":"2024-08-16T12:34:40","date_gmt":"2024-08-16T12:34:40","guid":{"rendered":"https:\/\/izanges.fr\/voyance\/?page_id=10094"},"modified":"2024-08-17T08:12:46","modified_gmt":"2024-08-17T08:12:46","slug":"paiement","status":"publish","type":"page","link":"https:\/\/izanges.fr\/voyance\/paiement\/","title":{"rendered":"Paiement"},"content":{"rendered":"<p>Payer en carte bancaire, par Google Pay, Paypal ou encore par ch\u00e8que.<br \/>\nPaiement en plusieurs fois via Paypal d\u00e8s 30\u20ac d&#8217;achats (*)<\/p>\n<p>* Google Pay fonctionnera uniquement sur les navigateurs d\u00e9rivant de Google comme Google Chrome, Chromium mais \u00e9galement OperaGX, Opera, etc. Il ne fonctionnera donc pas sur des navigateurs comme Firefox ou encore Microsoft Edge.<br \/>\nDans le cadre du paiement par ch\u00e8que, le service fourni ne pourra \u00eatre rendu que lorsque le dit ch\u00e8que aura \u00e9t\u00e9 correctement r\u00e9ceptionn\u00e9.<\/p>\n","protected":false},"excerpt":{"rendered":"<p>Payer en carte bancaire, par Google Pay, Paypal ou encore par ch\u00e8que. Paiement en plusieurs fois via Paypal d\u00e8s 30\u20ac d&#8217;achats (*) * Google Pay fonctionnera uniquement sur les navigateurs<\/p>\n<p><a href=\"https:\/\/izanges.fr\/voyance\/paiement\/\" class=\"more-link\">Suite<span class=\"screen-reader-text\">Paiement<\/span><\/a><\/p>\n","protected":false},"author":1,"featured_media":0,"parent":0,"menu_order":0,"comment_status":"closed","ping_status":"closed","template":"","meta":{"_monsterinsights_skip_tracking":false,"_monsterinsights_sitenote_active":false,"_monsterinsights_sitenote_note":"","_monsterinsights_sitenote_category":0,"footnotes":""},"class_list":["post-10094","page","type-page","status-publish","hentry"],"aioseo_notices":[],"jetpack_sharing_enabled":true,"_links":{"self":[{"href":"https:\/\/izanges.fr\/voyance\/wp-json\/wp\/v2\/pages\/10094","targetHints":{"allow":["GET"]}}],"collection":[{"href":"https:\/\/izanges.fr\/voyance\/wp-json\/wp\/v2\/pages"}],"about":[{"href":"https:\/\/izanges.fr\/voyance\/wp-json\/wp\/v2\/types\/page"}],"author":[{"embeddable":true,"href":"https:\/\/izanges.fr\/voyance\/wp-json\/wp\/v2\/users\/1"}],"replies":[{"embeddable":true,"href":"https:\/\/izanges.fr\/voyance\/wp-json\/wp\/v2\/comments?post=10094"}],"version-history":[{"count":2,"href":"https:\/\/izanges.fr\/voyance\/wp-json\/wp\/v2\/pages\/10094\/revisions"}],"predecessor-version":[{"id":10169,"href":"https:\/\/izanges.fr\/voyance\/wp-json\/wp\/v2\/pages\/10094\/revisions\/10169"}],"wp:attachment":[{"href":"https:\/\/izanges.fr\/voyance\/wp-json\/wp\/v2\/media?parent=10094"}],"curies":[{"name":"wp","href":"https:\/\/api.w.org\/{rel}","templated":true}]}}