{"id":1404,"date":"2016-12-19T15:08:23","date_gmt":"2016-12-19T14:08:23","guid":{"rendered":"https:\/\/izanges.fr\/voyance\/?post_type=product&#038;p=1404"},"modified":"2025-11-24T02:51:21","modified_gmt":"2025-11-24T02:51:21","slug":"mouchoir-magnetise","status":"publish","type":"product","link":"https:\/\/izanges.fr\/voyance\/product\/mouchoir-magnetise\/","title":{"rendered":"Mouchoir magn\u00e9tis\u00e9"},"content":{"rendered":"<h2>Beaucoup d&#8217;entre vous me demande des produits magn\u00e9tis\u00e9s, et bien \u00e7a y est.<\/h2>\n<h2>Un mouchoir tout blanc pour coton 40&#215;40.<\/h2>\n<h2>Ce \u00a0support dont la mati\u00e8re s&#8217;impr\u00e8gne parfaitement du fluide magn\u00e9tique dans le but de soulager vos douleurs de fa\u00e7on, douce et naturelle.<\/h2>\n<h2>Il vous suffit de le placer sur votre corps, \u00e0 m\u00eame la peau, \u00e0 l&#8217;<strong>endroit de votre douleur.<\/strong><\/h2>\n<h2>On peut s&#8217;en servir aussi pour reprendre de l&#8217;\u00e9nergie lorsqu&#8217;on est fatigu\u00e9.<\/h2>\n<h2>On s&#8217;en sert pour ne pas avoir le trac lors d&#8217;un examen ou d&#8217;un entretien.<\/h2>\n<p>&nbsp;<\/p>\n<h2><strong>Dur\u00e9e d&#8217;utilisation:<\/strong><\/h2>\n<h2>\u00a0Le fluide impr\u00e9gn\u00e9 magn\u00e9tique est actif pendant 8 \u00e0 10 jours.<\/h2>\n<h2>Apr\u00e8s utilisation remettre dans son enveloppe.<\/h2>\n<h2><\/h2>\n<h2>Le prix de l&#8217;article est de 10\u20ac + 2\u20ac pour les frais de port pour la France en suivi.<\/h2>\n<p>&nbsp;<\/p>\n<p>&nbsp;<\/p>\n<p>&nbsp;<\/p>\n<p>&nbsp;<\/p>\n<h4><\/h4>\n","protected":false},"excerpt":{"rendered":"<p>Mouchoir magn\u00e9tis\u00e9 &hellip; <\/p>\n<p><a href=\"https:\/\/izanges.fr\/voyance\/product\/mouchoir-magnetise\/\" class=\"more-link\">Suite<span class=\"screen-reader-text\">Mouchoir magn\u00e9tis\u00e9<\/span><\/a><\/p>\n","protected":false},"featured_media":9891,"comment_status":"open","ping_status":"closed","template":"","meta":{"_monsterinsights_skip_tracking":false,"_monsterinsights_sitenote_active":false,"_monsterinsights_sitenote_note":"","_monsterinsights_sitenote_category":0},"product_brand":[],"product_cat":[33,15],"product_tag":[],"class_list":{"0":"post-1404","1":"product","2":"type-product","3":"status-publish","4":"has-post-thumbnail","6":"product_cat-articles-divers","7":"product_cat-uncategorized","9":"first","10":"instock","11":"featured","12":"shipping-taxable","13":"purchasable","14":"product-type-simple"},"aioseo_notices":[],"jetpack_sharing_enabled":true,"_links":{"self":[{"href":"https:\/\/izanges.fr\/voyance\/wp-json\/wp\/v2\/product\/1404","targetHints":{"allow":["GET"]}}],"collection":[{"href":"https:\/\/izanges.fr\/voyance\/wp-json\/wp\/v2\/product"}],"about":[{"href":"https:\/\/izanges.fr\/voyance\/wp-json\/wp\/v2\/types\/product"}],"replies":[{"embeddable":true,"href":"https:\/\/izanges.fr\/voyance\/wp-json\/wp\/v2\/comments?post=1404"}],"wp:featuredmedia":[{"embeddable":true,"href":"https:\/\/izanges.fr\/voyance\/wp-json\/wp\/v2\/media\/9891"}],"wp:attachment":[{"href":"https:\/\/izanges.fr\/voyance\/wp-json\/wp\/v2\/media?parent=1404"}],"wp:term":[{"taxonomy":"product_brand","embeddable":true,"href":"https:\/\/izanges.fr\/voyance\/wp-json\/wp\/v2\/product_brand?post=1404"},{"taxonomy":"product_cat","embeddable":true,"href":"https:\/\/izanges.fr\/voyance\/wp-json\/wp\/v2\/product_cat?post=1404"},{"taxonomy":"product_tag","embeddable":true,"href":"https:\/\/izanges.fr\/voyance\/wp-json\/wp\/v2\/product_tag?post=1404"}],"curies":[{"name":"wp","href":"https:\/\/api.w.org\/{rel}","templated":true}]}}