{"id":2001,"date":"2018-01-10T14:17:36","date_gmt":"2018-01-10T13:17:36","guid":{"rendered":"https:\/\/izanges.fr\/voyance\/?post_type=product&#038;p=2001"},"modified":"2025-11-25T15:01:59","modified_gmt":"2025-11-25T15:01:59","slug":"reponse-a-une-question-tarots-solde","status":"publish","type":"product","link":"https:\/\/izanges.fr\/voyance\/product\/reponse-a-une-question-tarots-solde\/","title":{"rendered":"R\u00e9ponse \u00e0 une question Tarots"},"content":{"rendered":"<p>R\u00e9ponse \u00e0 une question avec Tarots \/ communiqu\u00e9 par Mail<\/p>\n<p>&nbsp;<\/p>\n<p>Posez moi votre question et donnez moi trois chiffres entre 1 et 22.<\/p>\n<p>Pas vos chiffres portes bonheur \ud83d\ude09<\/p>\n","protected":false},"excerpt":{"rendered":"<p>R\u00e9ponse \u00e0 une question avec Tarots \/ communiqu\u00e9 par Mail<\/p>\n<p>&nbsp;<\/p>\n<p>Posez moi votre question et donnez moi trois chiffres entre 1 et 22.<\/p>\n<p>Pas vos chiffres portes bonheur \ud83d\ude09 &hellip; <\/p>\n<p><a href=\"https:\/\/izanges.fr\/voyance\/product\/reponse-a-une-question-tarots-solde\/\" class=\"more-link\">Suite<span class=\"screen-reader-text\">R\u00e9ponse \u00e0 une question Tarots<\/span><\/a><\/p>\n","protected":false},"featured_media":9880,"comment_status":"open","ping_status":"closed","template":"","meta":{"_monsterinsights_skip_tracking":false,"_monsterinsights_sitenote_active":false,"_monsterinsights_sitenote_note":"","_monsterinsights_sitenote_category":0},"product_brand":[],"product_cat":[15,58],"product_tag":[],"class_list":{"0":"post-2001","1":"product","2":"type-product","3":"status-publish","4":"has-post-thumbnail","6":"product_cat-uncategorized","7":"product_cat-voyance-medium","9":"first","10":"instock","11":"virtual","12":"purchasable","13":"product-type-simple"},"aioseo_notices":[],"jetpack_sharing_enabled":true,"_links":{"self":[{"href":"https:\/\/izanges.fr\/voyance\/wp-json\/wp\/v2\/product\/2001","targetHints":{"allow":["GET"]}}],"collection":[{"href":"https:\/\/izanges.fr\/voyance\/wp-json\/wp\/v2\/product"}],"about":[{"href":"https:\/\/izanges.fr\/voyance\/wp-json\/wp\/v2\/types\/product"}],"replies":[{"embeddable":true,"href":"https:\/\/izanges.fr\/voyance\/wp-json\/wp\/v2\/comments?post=2001"}],"wp:featuredmedia":[{"embeddable":true,"href":"https:\/\/izanges.fr\/voyance\/wp-json\/wp\/v2\/media\/9880"}],"wp:attachment":[{"href":"https:\/\/izanges.fr\/voyance\/wp-json\/wp\/v2\/media?parent=2001"}],"wp:term":[{"taxonomy":"product_brand","embeddable":true,"href":"https:\/\/izanges.fr\/voyance\/wp-json\/wp\/v2\/product_brand?post=2001"},{"taxonomy":"product_cat","embeddable":true,"href":"https:\/\/izanges.fr\/voyance\/wp-json\/wp\/v2\/product_cat?post=2001"},{"taxonomy":"product_tag","embeddable":true,"href":"https:\/\/izanges.fr\/voyance\/wp-json\/wp\/v2\/product_tag?post=2001"}],"curies":[{"name":"wp","href":"https:\/\/api.w.org\/{rel}","templated":true}]}}