{"id":2792,"date":"2023-01-08T17:19:57","date_gmt":"2023-01-08T16:19:57","guid":{"rendered":"https:\/\/izanges.fr\/voyance\/?post_type=product&#038;p=2792"},"modified":"2026-01-01T03:41:17","modified_gmt":"2026-01-01T03:41:17","slug":"voyance-complete-par-mail-avec-les-chiffres","status":"publish","type":"product","link":"https:\/\/izanges.fr\/voyance\/product\/voyance-complete-par-mail-avec-les-chiffres\/","title":{"rendered":"Vous vous posez des questions dans tous les domaines ? Faites la voyance avec deux d\u00e8s !"},"content":{"rendered":"<p>Munissez-vous de deux d\u00e9s.<\/p>\n<p>Soyez dans une pi\u00e8ce tranquille, ne pensez \u00e0 rien ou posez vous des questions mentalement.<\/p>\n<p>Lancez dix fois les deux d\u00e9s, et notez les chiffres.<\/p>\n<p>C&#8217;est \u00e0 partir de ces dix chiffres que je pourrai vous faire une voyance sur tous les th\u00e8mes.<\/p>\n<p>Essayez ? Moi personnellement j&#8217;a-dore !<\/p>\n<p>Vous aurez des r\u00e9ponses, sur l&#8217;amour, le travail, la forme, l&#8217;argent, votre entourage.<\/p>\n<p>Ce tirage vous aidera \u00e0 prendre connaissance de l&#8217;orientation de votre destin et r\u00e9pondra plus pr\u00e9cis\u00e9ment \u00e0 toutes vos questions.<\/p>\n<p>Donnez moi vos dix chiffres et je vous enverrez votre voyance.<\/p>\n","protected":false},"excerpt":{"rendered":"<p>Munissez-vous de deux d\u00e9s. Soyez dans une pi\u00e8ce tranquille, ne pensez \u00e0 rien ou posez vous des questions mentalement. Lancez dix fois les deux d\u00e9s, et notez les chiffres. C&#8217;est<\/p>\n<p><a href=\"https:\/\/izanges.fr\/voyance\/product\/voyance-complete-par-mail-avec-les-chiffres\/\" class=\"more-link\">Suite<span class=\"screen-reader-text\">Vous vous posez des questions dans tous les domaines ? Faites la voyance avec deux d\u00e8s !<\/span><\/a><\/p>\n","protected":false},"featured_media":9882,"comment_status":"open","ping_status":"closed","template":"","meta":{"_monsterinsights_skip_tracking":false,"_monsterinsights_sitenote_active":false,"_monsterinsights_sitenote_note":"","_monsterinsights_sitenote_category":0},"product_brand":[],"product_cat":[15,58],"product_tag":[],"class_list":{"0":"post-2792","1":"product","2":"type-product","3":"status-publish","4":"has-post-thumbnail","6":"product_cat-uncategorized","7":"product_cat-voyance-medium","9":"first","10":"instock","11":"featured","12":"virtual","13":"purchasable","14":"product-type-simple"},"aioseo_notices":[],"jetpack_sharing_enabled":true,"_links":{"self":[{"href":"https:\/\/izanges.fr\/voyance\/wp-json\/wp\/v2\/product\/2792","targetHints":{"allow":["GET"]}}],"collection":[{"href":"https:\/\/izanges.fr\/voyance\/wp-json\/wp\/v2\/product"}],"about":[{"href":"https:\/\/izanges.fr\/voyance\/wp-json\/wp\/v2\/types\/product"}],"replies":[{"embeddable":true,"href":"https:\/\/izanges.fr\/voyance\/wp-json\/wp\/v2\/comments?post=2792"}],"wp:featuredmedia":[{"embeddable":true,"href":"https:\/\/izanges.fr\/voyance\/wp-json\/wp\/v2\/media\/9882"}],"wp:attachment":[{"href":"https:\/\/izanges.fr\/voyance\/wp-json\/wp\/v2\/media?parent=2792"}],"wp:term":[{"taxonomy":"product_brand","embeddable":true,"href":"https:\/\/izanges.fr\/voyance\/wp-json\/wp\/v2\/product_brand?post=2792"},{"taxonomy":"product_cat","embeddable":true,"href":"https:\/\/izanges.fr\/voyance\/wp-json\/wp\/v2\/product_cat?post=2792"},{"taxonomy":"product_tag","embeddable":true,"href":"https:\/\/izanges.fr\/voyance\/wp-json\/wp\/v2\/product_tag?post=2792"}],"curies":[{"name":"wp","href":"https:\/\/api.w.org\/{rel}","templated":true}]}}