{"id":284,"date":"2015-02-22T15:39:46","date_gmt":"2015-02-22T14:39:46","guid":{"rendered":"https:\/\/izanges.fr\/voyance\/?post_type=product&#038;p=284"},"modified":"2025-11-24T02:51:21","modified_gmt":"2025-11-24T02:51:21","slug":"voyance-par-theme-geomantique","status":"publish","type":"product","link":"https:\/\/izanges.fr\/voyance\/product\/voyance-par-theme-geomantique\/","title":{"rendered":"Voyance Th\u00e8me complet G\u00e9omantique"},"content":{"rendered":"<p>Donnez moi 16 chiffres, pas vos chiffres porte bonheur, les 16 chiffres qui vous viennent en t\u00eate.<\/p>\n<p>Le mieux est de prendre deux d\u00e8s.<\/p>\n<p>Il me faudra \u00e9galement votre nom, pr\u00e9nom et date de naissance.<\/p>\n<p>Gr\u00e2ce \u00e0 ces chiffres et aux informations que vous m&#8217;aurez transmises, je vous ferai votre th\u00e8me g\u00e9omantique.<\/p>\n<p>&nbsp;<\/p>\n","protected":false},"excerpt":{"rendered":"<p>Donnez moi 16 chiffres, pas vos chiffres porte bonheur, les 16 chiffres qui vous viennent en t\u00eate. Le mieux est de prendre deux d\u00e8s. Il me faudra \u00e9galement votre nom,<\/p>\n<p><a href=\"https:\/\/izanges.fr\/voyance\/product\/voyance-par-theme-geomantique\/\" class=\"more-link\">Suite<span class=\"screen-reader-text\">Voyance Th\u00e8me complet G\u00e9omantique<\/span><\/a><\/p>\n","protected":false},"featured_media":9964,"comment_status":"open","ping_status":"closed","template":"","meta":{"_monsterinsights_skip_tracking":false,"_monsterinsights_sitenote_active":false,"_monsterinsights_sitenote_note":"","_monsterinsights_sitenote_category":0},"product_brand":[],"product_cat":[15,58],"product_tag":[],"class_list":{"0":"post-284","1":"product","2":"type-product","3":"status-publish","4":"has-post-thumbnail","6":"product_cat-uncategorized","7":"product_cat-voyance-medium","9":"first","10":"instock","11":"virtual","12":"purchasable","13":"product-type-simple"},"aioseo_notices":[],"jetpack_sharing_enabled":true,"_links":{"self":[{"href":"https:\/\/izanges.fr\/voyance\/wp-json\/wp\/v2\/product\/284","targetHints":{"allow":["GET"]}}],"collection":[{"href":"https:\/\/izanges.fr\/voyance\/wp-json\/wp\/v2\/product"}],"about":[{"href":"https:\/\/izanges.fr\/voyance\/wp-json\/wp\/v2\/types\/product"}],"replies":[{"embeddable":true,"href":"https:\/\/izanges.fr\/voyance\/wp-json\/wp\/v2\/comments?post=284"}],"wp:featuredmedia":[{"embeddable":true,"href":"https:\/\/izanges.fr\/voyance\/wp-json\/wp\/v2\/media\/9964"}],"wp:attachment":[{"href":"https:\/\/izanges.fr\/voyance\/wp-json\/wp\/v2\/media?parent=284"}],"wp:term":[{"taxonomy":"product_brand","embeddable":true,"href":"https:\/\/izanges.fr\/voyance\/wp-json\/wp\/v2\/product_brand?post=284"},{"taxonomy":"product_cat","embeddable":true,"href":"https:\/\/izanges.fr\/voyance\/wp-json\/wp\/v2\/product_cat?post=284"},{"taxonomy":"product_tag","embeddable":true,"href":"https:\/\/izanges.fr\/voyance\/wp-json\/wp\/v2\/product_tag?post=284"}],"curies":[{"name":"wp","href":"https:\/\/api.w.org\/{rel}","templated":true}]}}