{"id":677,"date":"2015-11-27T13:27:37","date_gmt":"2015-11-27T12:27:37","guid":{"rendered":"https:\/\/izanges.fr\/voyance\/?post_type=product&#038;p=677"},"modified":"2024-08-27T07:28:54","modified_gmt":"2024-08-27T07:28:54","slug":"pendule-luzi-chrome-argente","status":"publish","type":"product","link":"https:\/\/izanges.fr\/voyance\/product\/pendule-luzi-chrome-argente\/","title":{"rendered":"Pendule LUZI chrom\u00e9 argent\u00e9"},"content":{"rendered":"<p>Le pendule Luzi est tr\u00e8s r\u00e9ceptif aux ondes humaines. Il est particuli\u00e8rement recommand\u00e9 pour les d\u00e9tections sur les personnes proches de vous. Le pendule Luzi permet d&#8217;allier son pouvoir magn\u00e9tique avec votre propre r\u00e9ceptivit\u00e9. D&#8217;utilisation simple, il permet de capter les ondes radioniques des personnes.<\/p>\n<p>En laiton chrom\u00e9, le pendule Luzi est un peu lourd, il convient donc parfaitement aux radiesth\u00e9sistes confirm\u00e9s. Ce pendule est n\u00e9anmoins tr\u00e8s facile \u00e0 apprivoiser et \u00e0 manipuler. Le pendule Luzi est parfait \u00e9galement pour la recherche de num\u00e9ros gagnants ou porte-bonheur.<\/p>\n<p>Chrom\u00e9 argent\u00e9 sur corde.<\/p>\n","protected":false},"excerpt":{"rendered":"<p>Pendule LUZI &hellip; <\/p>\n<p><a href=\"https:\/\/izanges.fr\/voyance\/product\/pendule-luzi-chrome-argente\/\" class=\"more-link\">Suite<span class=\"screen-reader-text\">Pendule LUZI chrom\u00e9 argent\u00e9<\/span><\/a><\/p>\n","protected":false},"featured_media":9932,"comment_status":"open","ping_status":"closed","template":"","meta":{"_monsterinsights_skip_tracking":false,"_monsterinsights_sitenote_active":false,"_monsterinsights_sitenote_note":"","_monsterinsights_sitenote_category":0},"product_brand":[],"product_cat":[63],"product_tag":[],"class_list":{"0":"post-677","1":"product","2":"type-product","3":"status-publish","4":"has-post-thumbnail","6":"product_cat-bijoux","8":"first","9":"instock","10":"shipping-taxable","11":"purchasable","12":"product-type-simple"},"aioseo_notices":[],"jetpack_sharing_enabled":true,"_links":{"self":[{"href":"https:\/\/izanges.fr\/voyance\/wp-json\/wp\/v2\/product\/677","targetHints":{"allow":["GET"]}}],"collection":[{"href":"https:\/\/izanges.fr\/voyance\/wp-json\/wp\/v2\/product"}],"about":[{"href":"https:\/\/izanges.fr\/voyance\/wp-json\/wp\/v2\/types\/product"}],"replies":[{"embeddable":true,"href":"https:\/\/izanges.fr\/voyance\/wp-json\/wp\/v2\/comments?post=677"}],"wp:featuredmedia":[{"embeddable":true,"href":"https:\/\/izanges.fr\/voyance\/wp-json\/wp\/v2\/media\/9932"}],"wp:attachment":[{"href":"https:\/\/izanges.fr\/voyance\/wp-json\/wp\/v2\/media?parent=677"}],"wp:term":[{"taxonomy":"product_brand","embeddable":true,"href":"https:\/\/izanges.fr\/voyance\/wp-json\/wp\/v2\/product_brand?post=677"},{"taxonomy":"product_cat","embeddable":true,"href":"https:\/\/izanges.fr\/voyance\/wp-json\/wp\/v2\/product_cat?post=677"},{"taxonomy":"product_tag","embeddable":true,"href":"https:\/\/izanges.fr\/voyance\/wp-json\/wp\/v2\/product_tag?post=677"}],"curies":[{"name":"wp","href":"https:\/\/api.w.org\/{rel}","templated":true}]}}